{"id":21,"date":"2016-11-11T15:14:25","date_gmt":"2016-11-11T15:14:25","guid":{"rendered":"http:\/\/antoine-blouet-psychotherapie.fr\/?page_id=21"},"modified":"2025-09-03T12:05:47","modified_gmt":"2025-09-03T12:05:47","slug":"qui-suis-je","status":"publish","type":"page","link":"https:\/\/antoine-blouet-psychotherapie.fr\/index.php\/qui-suis-je\/","title":{"rendered":"Qui suis-je&nbsp;?"},"content":{"rendered":"<p><img loading=\"lazy\" decoding=\"async\" class=\"wp-image-297 size-medium alignleft\" src=\"https:\/\/antoine-blouet-psychotherapie.fr\/wp-content\/uploads\/2017\/09\/Blouet-psychotherpaute-velizy-versailles-chaville-viroflay-252x300.jpg\" alt=\"Blouet psychotherpaute V\u00e9lizy Versailles Chaville Viroflay\" width=\"252\" height=\"300\" srcset=\"https:\/\/antoine-blouet-psychotherapie.fr\/wp-content\/uploads\/2017\/09\/Blouet-psychotherpaute-velizy-versailles-chaville-viroflay-252x300.jpg 252w, https:\/\/antoine-blouet-psychotherapie.fr\/wp-content\/uploads\/2017\/09\/Blouet-psychotherpaute-velizy-versailles-chaville-viroflay.jpg 530w\" sizes=\"auto, (max-width: 252px) 100vw, 252px\">Apr\u00e8s de nom\u00adbreuses ann\u00e9es de tra\u00advail en entre\u00adprise qui m\u2019ont per\u00admis de nour\u00adrir ma curio\u00adsi\u00adt\u00e9 pour l\u2019autre, dans sa dif\u00adf\u00e9\u00adrence et sa diver\u00adsi\u00adt\u00e9, j\u2019ai res\u00adsen\u00adti l\u2019envie de me consa\u00adcrer \u00e0 l\u2019accompagnement de mes sem\u00adblables face \u00e0 leurs dif\u00adfi\u00adcul\u00adt\u00e9s \u00e0 vivre, aimer et tra\u00advailler.&nbsp;Je m\u2019engage \u00e0 vous sou\u00adte\u00adnir avec bien\u00adveillance dans les \u00e9preuves que vous tra\u00adver\u00adsez ou dans votre pro\u00adces\u00adsus d\u2019\u00e9volution per\u00adson\u00adnelle ou de couple, dans le res\u00adpect de votre individualit\u00e9.<\/p>\n<p>Ma pra\u00adtique repose notam\u00adment sur plu\u00adsieurs ann\u00e9es de psy\u00adcho\u00adth\u00e9\u00adra\u00adpie per\u00adson\u00adnelle au tra\u00advers de dif\u00adf\u00e9\u00adrentes m\u00e9thodes et sur une for\u00adma\u00adtion th\u00e9o\u00adrique et pra\u00adtique longue. Mon exp\u00e9\u00adrience en entre\u00adprise me per\u00admet notam\u00adment de com\u00adprendre et d\u2019ac\u00adcom\u00adpa\u00adgner au mieux les situa\u00adtions de souf\u00adfrance au tra\u00advail et de burn-out.<\/p>\n<ul>\n<li>Je suis Gestalt-th\u00e9\u00adra\u00adpeute for\u00adm\u00e9 par l\u2019<a href=\"https:\/\/www.epg-gestalt.fr\/\" target=\"_blank\" rel=\"noopener noreferrer\">\u00c9cole Parisienne de Gestalt<\/a> (<span class=\"caps\">EPG<\/span>) avec une for\u00adma\u00adtion com\u00adpl\u00e9\u00admen\u00adtaire \u00e0 la th\u00e9\u00adra\u00adpie de couple par <a href=\"https:\/\/www.aclerget-jfgravouil.com\/\" target=\"_blank\" rel=\"noopener\">Ressources et Croissances<\/a>. Fond\u00e9e en 1981, l\u2019EPG dis\u00adpense une for\u00adma\u00adtion appro\u00adfon\u00addie d\u2019une dur\u00e9e de six ann\u00e9es, \u00e0 la fois th\u00e9o\u00adrique et exp\u00e9\u00adrien\u00adtielle. Elle accorde une place impor\u00adtante aux pro\u00adces\u00adsus cor\u00adpo\u00adrels et \u00e9mo\u00adtion\u00adnels. Elle est accr\u00e9\u00addi\u00adt\u00e9e par la <a href=\"https:\/\/www.ff2p.fr\/\" target=\"_blank\" rel=\"noopener noreferrer\">F\u00e9d\u00e9ration Fran\u00e7aise de Psychoth\u00e9rapie et Psychanalyse<\/a>, par la <a href=\"https:\/\/www.eagt.org\/\" target=\"_blank\" rel=\"noopener noreferrer\">European Association for Gestalt-Therapy<\/a> et par la <a href=\"https:\/\/www.europsyche.org\/\" target=\"_blank\" rel=\"noopener noreferrer\">European Association for Psychotherapy<\/a> pour la d\u00e9li\u00advrance du Certificat euro\u00adp\u00e9en de psy\u00adcho\u00adth\u00e9\u00adra\u00adpie (<span class=\"caps\">CEP<\/span>).<\/li>\n<li>Je suis titu\u00adlaire du <a href=\"https:\/\/www.europsyche.org\/ecp\/about-ecp\/\" target=\"_blank\" rel=\"noopener\">Certificat euro\u00adp\u00e9en de psy\u00adcho\u00adth\u00e9\u00adra\u00adpie<\/a> (<span class=\"caps\">CEP<\/span>).<\/li>\n<li>Je suis membre de la <a href=\"https:\/\/www.ff2p.fr\/\" target=\"_blank\" rel=\"noopener noreferrer\">F\u00e9d\u00e9ration Fran\u00e7aise de Psychoth\u00e9rapie et Psychanalyse<\/a> (<span class=\"caps\">FF2P<\/span>).<\/li>\n<li>Ma pra\u00adtique pro\u00adfes\u00adsion\u00adnelle fait l\u2019objet d\u2019une super\u00advi\u00adsion r\u00e9gu\u00adli\u00e8re (accom\u00adpa\u00adgne\u00adment pro\u00adfes\u00adsion\u00adnel par un psy\u00adcho\u00adth\u00e9\u00adra\u00adpeute exp\u00e9riment\u00e9).<\/li>\n<li>Je suis en for\u00adma\u00adtion continue.<\/li>\n<li>Je res\u00adpecte la <a href=\"https:\/\/antoine-blouet-psychotherapie.fr\/index.php\/deontologie\/#ancrecharte\">Charte natio\u00adnale pour les per\u00adsonnes en psy\u00adcho\u00adth\u00e9\u00adra\u00adpie<\/a>&nbsp;: res\u00adpect de la per\u00adsonne en psy\u00adcho\u00adth\u00e9\u00adra\u00adpie, liber\u00adt\u00e9 de choix de son th\u00e9\u00adra\u00adpeute, confi\u00adden\u00adtia\u00adli\u00adt\u00e9, absence de mani\u00adpu\u00adla\u00adtion et de discrimination\u2026<\/li>\n<li>J\u2019ai sign\u00e9 le <a href=\"https:\/\/eagt.org\/home\/home\/gt-menu\/what-is-eagt\/codes-of-ethics\/\" target=\"_blank\" rel=\"noopener\">Code de d\u00e9on\u00adto\u00adlo\u00adgie de l\u2019EAGT<\/a> (European Association of Gestalt Therapy) et je res\u00adpecte le <a href=\"https:\/\/www.ff2p.fr\/ethique-et-deontologie\/\" target=\"_blank\" rel=\"noopener noreferrer\">Code de d\u00e9on\u00adto\u00adlo\u00adgie de la <span class=\"caps\">FF2P<\/span><\/a>&nbsp;: res\u00adpect de l\u2019autonomie de la per\u00adsonne qui consulte, ano\u00adny\u00admat et confi\u00adden\u00adtia\u00adli\u00adt\u00e9, for\u00adma\u00adtion ini\u00adtiale et conti\u00adnue du th\u00e9\u00adra\u00adpeute, super\u00advi\u00adsion, prin\u00adcipes \u00e9thiques\u2026 (voir ma page <a href=\"https:\/\/antoine-blouet-psychotherapie.fr\/index.php\/deontologie\/\">D\u00e9ontologie<\/a>).<\/li>\n<\/ul>\n<p>Je re\u00e7ois les adultes en <a href=\"https:\/\/antoine-blouet-psychotherapie.fr\/index.php\/ma-pratique-de-la-psychotherapie\/\">th\u00e9\u00adra\u00adpie indi\u00advi\u00adduelle<\/a> et en <a href=\"https:\/\/antoine-blouet-psychotherapie.fr\/index.php\/therapie-de-couple\/\">th\u00e9\u00adra\u00adpie de couple<\/a> \u00e0 V\u00e9lizy Bas, pr\u00e8s de la gare de Chaville-V\u00e9lizy (<span class=\"caps\">RER<\/span> C), entre Boulogne, Versailles et Ch\u00e2tenay-Malabry (voir <a href=\"https:\/\/antoine-blouet-psychotherapie.fr\/index.php\/contact-et-acces-a-mon-cabinet\/\">acc\u00e8s<\/a>).<\/p>\n<p>Pour me suivre sur Facebook&nbsp;: <a href=\"https:\/\/www.facebook.com\/psychotherapie.antoine.blouet\/\" target=\"_blank\" rel=\"noopener noreferrer\">www.facebook.com\/psychotherapie.antoine.blouet\/<\/a><\/p>\n\n\n<p><\/p>\n","protected":false},"excerpt":{"rendered":"<p>Apr\u00e8s de nom\u00adbreuses ann\u00e9es de tra\u00advail en entre\u00adprise qui m\u2019ont per\u00admis de nour\u00adrir ma curio\u00adsi\u00adt\u00e9 pour l\u2019autre, dans sa dif\u00adf\u00e9\u00adrence et sa diver\u00adsi\u00adt\u00e9, j\u2019ai res\u00adsen\u00adti l\u2019envie de me consa\u00adcrer \u00e0 l\u2019accompagnement de mes sem\u00adblables face \u00e0 leurs dif\u00adfi\u00adcul\u00adt\u00e9s \u00e0 vivre, aimer et tra\u00advailler.&nbsp;Je m\u2019engage \u00e0 vous sou\u00adte\u00adnir avec bien\u00adveillance dans les \u00e9preuves que vous tra\u00adver\u00adsez \u2026 <a href=\"https:\/\/antoine-blouet-psychotherapie.fr\/index.php\/qui-suis-je\/\" class=\"more-link\">Continuer la lec\u00adture de <span class=\"screen-reader-text\">Qui suis-je&nbsp;?<\/span><\/a><\/p>\n","protected":false},"author":1,"featured_media":0,"parent":0,"menu_order":0,"comment_status":"closed","ping_status":"closed","template":"","meta":{"wp_typography_post_enhancements_disabled":false,"footnotes":""},"class_list":["post-21","page","type-page","status-publish","hentry"],"yoast_head":"<!-- This site is optimized with the Yoast SEO plugin v27.4 - https:\/\/yoast.com\/product\/yoast-seo-wordpress\/ -->\n<title>Qui suis-je ? - Antoine Blouet Psychoth\u00e9rapie<\/title>\n<meta name=\"description\" content=\"Qui suis-je : mes formations, mes dipl\u00f4mes, mon exp\u00e9rience, l&#039;encadrement de ma pratique.\" \/>\n<meta name=\"robots\" content=\"index, follow, max-snippet:-1, max-image-preview:large, max-video-preview:-1\" \/>\n<link rel=\"canonical\" href=\"https:\/\/antoine-blouet-psychotherapie.fr\/index.php\/qui-suis-je\/\" \/>\n<meta property=\"og:locale\" content=\"fr_FR\" \/>\n<meta property=\"og:type\" content=\"article\" \/>\n<meta property=\"og:title\" content=\"Qui suis-je ? - Antoine Blouet Psychoth\u00e9rapie\" \/>\n<meta property=\"og:description\" content=\"Qui suis-je : mes formations, mes dipl\u00f4mes, mon exp\u00e9rience, l&#039;encadrement de ma pratique.\" \/>\n<meta property=\"og:url\" content=\"https:\/\/antoine-blouet-psychotherapie.fr\/index.php\/qui-suis-je\/\" \/>\n<meta property=\"og:site_name\" content=\"Antoine Blouet Psychoth\u00e9rapie\" \/>\n<meta property=\"article:modified_time\" content=\"2025-09-03T12:05:47+00:00\" \/>\n<meta property=\"og:image\" content=\"https:\/\/antoine-blouet-psychotherapie.fr\/wp-content\/uploads\/2017\/09\/Blouet-psychotherpaute-velizy-versailles-chaville-viroflay.jpg\" \/>\n\t<meta property=\"og:image:width\" content=\"530\" \/>\n\t<meta property=\"og:image:height\" content=\"631\" \/>\n\t<meta property=\"og:image:type\" content=\"image\/jpeg\" \/>\n<meta name=\"twitter:card\" content=\"summary_large_image\" \/>\n<meta name=\"twitter:label1\" content=\"Dur\u00e9e de lecture estim\u00e9e\" \/>\n\t<meta name=\"twitter:data1\" content=\"3 minutes\" \/>\n<script type=\"application\/ld+json\" class=\"yoast-schema-graph\">{\"@context\":\"https:\\\/\\\/schema.org\",\"@graph\":[{\"@type\":\"WebPage\",\"@id\":\"https:\\\/\\\/antoine-blouet-psychotherapie.fr\\\/index.php\\\/qui-suis-je\\\/\",\"url\":\"https:\\\/\\\/antoine-blouet-psychotherapie.fr\\\/index.php\\\/qui-suis-je\\\/\",\"name\":\"Qui suis-je ? - Antoine Blouet Psychoth\u00e9rapie\",\"isPartOf\":{\"@id\":\"https:\\\/\\\/antoine-blouet-psychotherapie.fr\\\/#website\"},\"primaryImageOfPage\":{\"@id\":\"https:\\\/\\\/antoine-blouet-psychotherapie.fr\\\/index.php\\\/qui-suis-je\\\/#primaryimage\"},\"image\":{\"@id\":\"https:\\\/\\\/antoine-blouet-psychotherapie.fr\\\/index.php\\\/qui-suis-je\\\/#primaryimage\"},\"thumbnailUrl\":\"https:\\\/\\\/antoine-blouet-psychotherapie.fr\\\/wp-content\\\/uploads\\\/2017\\\/09\\\/Blouet-psychotherpaute-velizy-versailles-chaville-viroflay-252x300.jpg\",\"datePublished\":\"2016-11-11T15:14:25+00:00\",\"dateModified\":\"2025-09-03T12:05:47+00:00\",\"description\":\"Qui suis-je : mes formations, mes dipl\u00f4mes, mon exp\u00e9rience, l'encadrement de ma pratique.\",\"breadcrumb\":{\"@id\":\"https:\\\/\\\/antoine-blouet-psychotherapie.fr\\\/index.php\\\/qui-suis-je\\\/#breadcrumb\"},\"inLanguage\":\"fr-FR\",\"potentialAction\":[{\"@type\":\"ReadAction\",\"target\":[\"https:\\\/\\\/antoine-blouet-psychotherapie.fr\\\/index.php\\\/qui-suis-je\\\/\"]}]},{\"@type\":\"ImageObject\",\"inLanguage\":\"fr-FR\",\"@id\":\"https:\\\/\\\/antoine-blouet-psychotherapie.fr\\\/index.php\\\/qui-suis-je\\\/#primaryimage\",\"url\":\"https:\\\/\\\/antoine-blouet-psychotherapie.fr\\\/wp-content\\\/uploads\\\/2017\\\/09\\\/Blouet-psychotherpaute-velizy-versailles-chaville-viroflay.jpg\",\"contentUrl\":\"https:\\\/\\\/antoine-blouet-psychotherapie.fr\\\/wp-content\\\/uploads\\\/2017\\\/09\\\/Blouet-psychotherpaute-velizy-versailles-chaville-viroflay.jpg\",\"width\":530,\"height\":631,\"caption\":\"Antoine Blouet psychotherpaute\"},{\"@type\":\"BreadcrumbList\",\"@id\":\"https:\\\/\\\/antoine-blouet-psychotherapie.fr\\\/index.php\\\/qui-suis-je\\\/#breadcrumb\",\"itemListElement\":[{\"@type\":\"ListItem\",\"position\":1,\"name\":\"Accueil\",\"item\":\"https:\\\/\\\/antoine-blouet-psychotherapie.fr\\\/\"},{\"@type\":\"ListItem\",\"position\":2,\"name\":\"Qui suis-je ?\"}]},{\"@type\":\"WebSite\",\"@id\":\"https:\\\/\\\/antoine-blouet-psychotherapie.fr\\\/#website\",\"url\":\"https:\\\/\\\/antoine-blouet-psychotherapie.fr\\\/\",\"name\":\"Antoine Blouet Psychoth\u00e9rapie\",\"description\":\"Se faire accompagner, un pas vers le changement\",\"potentialAction\":[{\"@type\":\"SearchAction\",\"target\":{\"@type\":\"EntryPoint\",\"urlTemplate\":\"https:\\\/\\\/antoine-blouet-psychotherapie.fr\\\/?s={search_term_string}\"},\"query-input\":{\"@type\":\"PropertyValueSpecification\",\"valueRequired\":true,\"valueName\":\"search_term_string\"}}],\"inLanguage\":\"fr-FR\"}]}<\/script>\n<!-- \/ Yoast SEO plugin. -->","yoast_head_json":{"title":"Qui suis-je ? - Antoine Blouet Psychoth\u00e9rapie","description":"Qui suis-je : mes formations, mes dipl\u00f4mes, mon exp\u00e9rience, l'encadrement de ma pratique.","robots":{"index":"index","follow":"follow","max-snippet":"max-snippet:-1","max-image-preview":"max-image-preview:large","max-video-preview":"max-video-preview:-1"},"canonical":"https:\/\/antoine-blouet-psychotherapie.fr\/index.php\/qui-suis-je\/","og_locale":"fr_FR","og_type":"article","og_title":"Qui suis-je ? - Antoine Blouet Psychoth\u00e9rapie","og_description":"Qui suis-je : mes formations, mes dipl\u00f4mes, mon exp\u00e9rience, l'encadrement de ma pratique.","og_url":"https:\/\/antoine-blouet-psychotherapie.fr\/index.php\/qui-suis-je\/","og_site_name":"Antoine Blouet Psychoth\u00e9rapie","article_modified_time":"2025-09-03T12:05:47+00:00","og_image":[{"width":530,"height":631,"url":"https:\/\/antoine-blouet-psychotherapie.fr\/wp-content\/uploads\/2017\/09\/Blouet-psychotherpaute-velizy-versailles-chaville-viroflay.jpg","type":"image\/jpeg"}],"twitter_card":"summary_large_image","twitter_misc":{"Dur\u00e9e de lecture estim\u00e9e":"3 minutes"},"schema":{"@context":"https:\/\/schema.org","@graph":[{"@type":"WebPage","@id":"https:\/\/antoine-blouet-psychotherapie.fr\/index.php\/qui-suis-je\/","url":"https:\/\/antoine-blouet-psychotherapie.fr\/index.php\/qui-suis-je\/","name":"Qui suis-je ? - Antoine Blouet Psychoth\u00e9rapie","isPartOf":{"@id":"https:\/\/antoine-blouet-psychotherapie.fr\/#website"},"primaryImageOfPage":{"@id":"https:\/\/antoine-blouet-psychotherapie.fr\/index.php\/qui-suis-je\/#primaryimage"},"image":{"@id":"https:\/\/antoine-blouet-psychotherapie.fr\/index.php\/qui-suis-je\/#primaryimage"},"thumbnailUrl":"https:\/\/antoine-blouet-psychotherapie.fr\/wp-content\/uploads\/2017\/09\/Blouet-psychotherpaute-velizy-versailles-chaville-viroflay-252x300.jpg","datePublished":"2016-11-11T15:14:25+00:00","dateModified":"2025-09-03T12:05:47+00:00","description":"Qui suis-je : mes formations, mes dipl\u00f4mes, mon exp\u00e9rience, l'encadrement de ma pratique.","breadcrumb":{"@id":"https:\/\/antoine-blouet-psychotherapie.fr\/index.php\/qui-suis-je\/#breadcrumb"},"inLanguage":"fr-FR","potentialAction":[{"@type":"ReadAction","target":["https:\/\/antoine-blouet-psychotherapie.fr\/index.php\/qui-suis-je\/"]}]},{"@type":"ImageObject","inLanguage":"fr-FR","@id":"https:\/\/antoine-blouet-psychotherapie.fr\/index.php\/qui-suis-je\/#primaryimage","url":"https:\/\/antoine-blouet-psychotherapie.fr\/wp-content\/uploads\/2017\/09\/Blouet-psychotherpaute-velizy-versailles-chaville-viroflay.jpg","contentUrl":"https:\/\/antoine-blouet-psychotherapie.fr\/wp-content\/uploads\/2017\/09\/Blouet-psychotherpaute-velizy-versailles-chaville-viroflay.jpg","width":530,"height":631,"caption":"Antoine Blouet psychotherpaute"},{"@type":"BreadcrumbList","@id":"https:\/\/antoine-blouet-psychotherapie.fr\/index.php\/qui-suis-je\/#breadcrumb","itemListElement":[{"@type":"ListItem","position":1,"name":"Accueil","item":"https:\/\/antoine-blouet-psychotherapie.fr\/"},{"@type":"ListItem","position":2,"name":"Qui suis-je ?"}]},{"@type":"WebSite","@id":"https:\/\/antoine-blouet-psychotherapie.fr\/#website","url":"https:\/\/antoine-blouet-psychotherapie.fr\/","name":"Antoine Blouet Psychoth\u00e9rapie","description":"Se faire accompagner, un pas vers le changement","potentialAction":[{"@type":"SearchAction","target":{"@type":"EntryPoint","urlTemplate":"https:\/\/antoine-blouet-psychotherapie.fr\/?s={search_term_string}"},"query-input":{"@type":"PropertyValueSpecification","valueRequired":true,"valueName":"search_term_string"}}],"inLanguage":"fr-FR"}]}},"_links":{"self":[{"href":"https:\/\/antoine-blouet-psychotherapie.fr\/index.php\/wp-json\/wp\/v2\/pages\/21","targetHints":{"allow":["GET"]}}],"collection":[{"href":"https:\/\/antoine-blouet-psychotherapie.fr\/index.php\/wp-json\/wp\/v2\/pages"}],"about":[{"href":"https:\/\/antoine-blouet-psychotherapie.fr\/index.php\/wp-json\/wp\/v2\/types\/page"}],"author":[{"embeddable":true,"href":"https:\/\/antoine-blouet-psychotherapie.fr\/index.php\/wp-json\/wp\/v2\/users\/1"}],"replies":[{"embeddable":true,"href":"https:\/\/antoine-blouet-psychotherapie.fr\/index.php\/wp-json\/wp\/v2\/comments?post=21"}],"version-history":[{"count":52,"href":"https:\/\/antoine-blouet-psychotherapie.fr\/index.php\/wp-json\/wp\/v2\/pages\/21\/revisions"}],"predecessor-version":[{"id":725,"href":"https:\/\/antoine-blouet-psychotherapie.fr\/index.php\/wp-json\/wp\/v2\/pages\/21\/revisions\/725"}],"wp:attachment":[{"href":"https:\/\/antoine-blouet-psychotherapie.fr\/index.php\/wp-json\/wp\/v2\/media?parent=21"}],"curies":[{"name":"wp","href":"https:\/\/api.w.org\/{rel}","templated":true}]}}